72. What is the tens digit of u?
1
Suppose 0 = -4*j + 28 + 16. Suppose 2*t - j = -5. Suppose -t*d + d = -5*b - 83, 0 = -4*d - b + 111. What is the units digit of d?
9
Suppose 1501 = 2*v - 2*s + 33, -1478 = -2*v - 3*s. Suppose 0 = -2*i - 6*i + v. What is the tens digit of i?
9
Let m(z) = -641*z - 99. What is the tens digit of m(-3)?
2
Let q(d) = 4*d - 43 + 33 - 5*d - 4*d. Let t be q(-5). Suppose 0 = -t*s + 11*s + 104. What is the units digit of s?
6
Let j(l) be the second derivative of -l**5/20 + l**3/3 + l**2/2 + 5*l. Let x be j(2). What is the tens digit of 79 + x + (-3 - -4)?
7
Suppose -21*o = -17*o + 4. What is the units digit of (o + 0)*420/(-28)?
5
Suppose 0*y + 26 = -2*y. Let z = y - -47. What is the tens digit of z?
3
Let w = 61 + -26. What is the units digit of ((-405)/(-21) - 10/w)*2?
8
Suppose -4 = -0*m - 2*m, -3*m = 5*a + 84. Suppose -114 + 130 = p. Let h = p - a. What is the tens digit of h?
3
Suppose 2*n - 12826 = -4*d, -3*d - 4*n + 11344 = 1717. What is the tens digit of d?
0
Suppose 5*b = 20, 2*b + 20 = 4*p + 3*b. Suppose p*l + 4*i - 160 = 0, -5 = -l - 5*i + 19. What is the units digit of l?
4
Suppose -3*a + 19 = -4*z, -4*a + 5*z = -a - 20. Suppose -q - p = -222, 5*p = a*q - 3*q - 423. What is the units digit of q?
9
Suppose 7 + 3 = 5*r. Suppose 19 = -3*h - d, 2*d + 3 - 21 = r*h. Let n(o) = -o**2 - 12*o - 17. What is the units digit of n(h)?
8
Let r(x) = -x**2 - 16*x + 12. Let k = 12 - 24. Let y be r(k). Let i = 91 - y. What is the units digit of i?
1
Suppose 0 = 3*d - a + 2, -2*a + 12 = -3*d + a. What is the tens digit of ((-12)/d)/((-2)/14)?
8
Suppose 4*d + 3*o = 5, 5*o + 10 = d - 20. What is the hundreds digit of 26/65 + (-2)/d + 292?
2
Suppose 0 = -r + 6*r - 40. Suppose o = -4*t + r*t - 172, -4*o = -4*t + 172. Suppose -191 = d - 6*d - f, 5*f - t = -d. What is the tens digit of d?
3
What is the hundreds digit of (2 + (-45)/25)*-5*-142?
1
Let w(t) = 2*t**3 - 7*t**2 - 4*t + 6. What is the tens digit of w(9)?
6
Suppose -4*i = -3*v + 7849, 5*v - 3*i + 0*i = 13067. What is the tens digit of v?
1
Let x(i) be the first derivative of i + 3/2*i**2 + 4. What is the units digit of x(3)?
0
Let k be ((-8)/10)/(12/(-690)). Let u = k - -28. What is the tens digit of u?
7
Let j = 79 - 56. Suppose -72 = 21*w - j*w. What is the tens digit of w?
3
Suppose s + 16 = -6. Let j be 5*3*s/(-5). Suppose -3*c + j = -0*c. What is the units digit of c?
2
Let r(m) = m**2 + 170*m + 7. What is the thousands digit of r(12)?
2
Let p(v) = -2*v - 18. Let f be p(8). Let o = 19 - f. What is the units digit of o?
3
What is the units digit of (-2)/((252/(-1107))/14)?
3
Let g = 1 - 6. Suppose 4*j - b - 111 = -16, -2*b - 65 = -3*j. Let d = j - g. What is the units digit of d?
0
Let s(r) = -5*r**2 - 10*r + 8. Let j(v) = -24 - 3*v**2 + 12*v**2 + 8 + 20*v + 0*v**2. Let f(i) = 6*j(i) + 11*s(i). What is the tens digit of f(7)?
1
Suppose 47910 = 24*l + 6294. What is the hundreds digit of l?
7
Let a be 2 - 27/12 - 50/(-8). Suppose 0 = -y + a*y - 815. What is the units digit of y?
3
Suppose -2*d + m + 221 = 0, -3*d - 4*m = -8*m - 344. What is the tens digit of (d/(-96) - 2/(-16))*-47?
4
What is the units digit of (-2828)/(-8)*(-4)/(-7)?
2
Suppose 45*f = -21*f + 116490. What is the tens digit of f?
6
Let w(k) = -k**2 + 2*k + 9. Let d be w(8). Let h = 46 + -40. Let a = h - d. What is the tens digit of a?
4
Suppose -5*h = q - 4272 + 1379, q = -2*h + 1156. What is the tens digit of h?
7
Suppose 4*t + 3*y = 11, 3 = 3*t - 2*t + y. Suppose w - t = -10. What is the units digit of ((-4)/8 + -2)*w?
0
Let g(d) = 66*d - 10. Let o(m) = 67*m - 10. Let s(t) = -5*g(t) + 4*o(t). What is the hundreds digit of s(-2)?
1
Let o(i) = i**2 + i + 7. Let h be o(-6). Suppose 112 = -4*n + 2*q, 5*n - 4*q + h = -100. Let w = 46 + n. What is the units digit of w?
7
Suppose 0 = 3*h - 4*q + 6*q - 23, h = -3*q + 17. Suppose i - 2 - 3 = 0. Suppose -9 = 3*w + i*z, 10 = -5*z - h. What is the units digit of w?
2
Let y = 330 - -150. Suppose 5*w = 5*a + y, 2*a + 365 = 3*w + 79. Suppose 9*f - w = 7*f. What is the units digit of f?
7
Suppose -2*d = 759 - 251. Let z = 403 + d. What is the hundreds digit of z?
1
Let q = 646 + -305. What is the units digit of q?
1
Let j(w) = 14*w**3 - w**2 - 7*w + 6. Let b(y) = -2*y**3 + y - 1. Let m(h) = -6*b(h) - j(h). Let u = -1 - 1. What is the tens digit of m(u)?
1
Suppose 0 = -9*f - 0*f - 108. What is the tens digit of (5 - 68/12)*f*3?
2
Let q(t) be the first derivative of 3*t**4/2 - 5*t**3/3 + 5*t**2/2 - 4*t + 3. Let v be q(3). Suppose -6*k = -2*k - v. What is the units digit of k?
2
Suppose a = 1 + 7. Let w(m) = -a - 2*m + 16 + 7. What is the units digit of w(-10)?
5
Suppose 0 = -3*l + 5*k - 0*k + 161, 0 = -3*l - k + 137. Suppose 0 = -l*m + 50*m - 438. What is the hundreds digit of m?
1
Let y(v) = v**2 + 5*v - 13. What is the tens digit of y(3)?
1
Suppose 8*x - 3*x + 120 = 0. Let t = x - 9. What is the units digit of t/(-3) - 4/2?
9
What is the hundreds digit of (-26477)/(-55) + (-2)/5?
4
Suppose l = 13*z - 16*z + 1864, 0 = 4*l - 5*z - 7524. What is the thousands digit of l?
1
Let f be 93/2*(1 - -1). Let y be 0/(-4*3/(-3)). Suppose 240 = 5*x + 5*h, 2*x = -y*h + h + f. What is the tens digit of x?
4
Let m = -44 - -44. Suppose -5*y + 130 + 80 = m. What is the tens digit of y?
4
Suppose -5665 = -5*t - 5*x, 10*t + 4*x + 1138 = 11*t. What is the thousands digit of t?
1
Let d be -3 + 1 - (-13 + -1). Let i = 36 + -22. What is the units digit of (i/4)/(2/d)?
1
Let x(y) = -y**3 - 5*y**2 + 7*y + 11. Let z = 6 - 14. Let q be x(z). Suppose 0 = -5*k + 33 + q. What is the units digit of k?
6
Suppose -28*d - 148 = -29*d. What is the hundreds digit of d?
1
Suppose -8*n + 6*n - 8 = 0. Let j be 21/14 - 6/n. Suppose 0 = j*d - 4*x - 111, 179 = 4*d + 2*x + 3*x. What is the units digit of d?
1
Let c = 11 + -16. Let y = -2 - c. Suppose -3*r + 24 = -y*j, -j - 2*j - 18 = -2*r. What is the units digit of r?
6
Let s = 778 - -561. What is the thousands digit of s?
1
Let z(i) = 1 + 5*i**3 - 2*i**3 + i**2 - i**3 + 2*i. Let p be z(-2). Let c = 13 - p. What is the units digit of c?
8
Suppose 342*r = 330*r + 20064. What is the units digit of r?
2
Let r = -2423 + 4524. What is the units digit of r?
1
Suppose x + 5*i - 3511 = 0, 4*x - 22*i + 20*i = 14088. What is the thousands digit of x?
3
Suppose -x - 2*g + 34 - 1 = 0, 3*g = -3. What is the tens digit of x?
3
Let r = -2113 + 3470. What is the units digit of r?
7
Let j be ((-4 - (-96)/15) + -2)*30. What is the tens digit of (-756)/(-10) + (j/5)/(-4)?
7
Let d = -3 - 21. Suppose 9 - 85 = -2*b + 4*t, 3*b = 4*t + 118. Let w = d + b. What is the units digit of w?
8
Let s be (39/52)/(2/(-8)). Let w(x) = -3*x**3 - 3*x**2 - 2*x + 3. What is the tens digit of w(s)?
6
Let l(u) be the third derivative of -u**6/120 - u**5/10 + 2*u**3/3 - 5*u**2. Let z be l(-6). Suppose z*d = 55 - 3. What is the units digit of d?
3
Suppose -3*m + 77*c - 79*c = -3620, -5*m + c = -6042. What is the thousands digit of m?
1
Let g = -314 + 319. Suppose -4*p - y + 3*y + 152 = 0, -p + 28 = -3*y. Suppose g*n + 10 = p. What is the units digit of n?
6
Let g = -602 - -893. What is the tens digit of g?
9
Let l be (-1 + 6)*(-198)/(-30). Let u(o) = -2*o**2 + 4*o - 3. Let k be u(4). Let f = l + k. What is the units digit of f?
4
Let i(q) = q**3 - 14*q**2 - 16*q + 19. Let r be i(15). Suppose x - 5*s + 8*s = 109, -r*s - 468 = -4*x. What is the hundreds digit of x?
1
Let w(u) = 14*u - 17. Let p be w(-4). Let f = p + 140. What is the tens digit of f?
6
Suppose 5*k - 279 = -69. What is the units digit of k + (9 - 7 - (-1 + 6))?
9
Suppose z = -2*p - 0*z + 5, -5*p = z - 11. Suppose 0 = -4*r + 5*q + 191, -p*r = -7*q + 2*q - 83. What is the units digit of r?
4
What is the hundreds digit of (-4 - -10)/(-6*1/(-152))?
1
Suppose 7*o = -1009 + 2724. What is the units digit of o?
5
Let x = -48 + 96. Suppose 5*i + x = 3. What is the units digit of -2 + 0 - 306/i?
2
Let k = -65 - -68. Suppose 4*n = 3*x + 99, 7*x + 15 = n + k*x. What is the tens digit of n?
2
Let v(d) = d**3 - 4*d**2 + 11*d - 2. Let u be v(4). Suppose -146 = -h - u. What is the units digit of h?
4
Suppose -4*t + 7*t = 336. Suppose 243 = -5*k + q + 799, q + t = k. What is the tens digit of k?
1
Suppose 5*a - 2389 = 3736. What is the thousands digit of 